 = -2*t. What are the prime factors of t?
2, 5
Let b be 2/6 - 66/9. Let n be 5 - 3 - 4 - -13. Let c = b + n. What are the prime factors of c?
2
Let s(a) = 6*a - 2. Suppose 2 = m, -2*m + 39 = -5*p + 5. Let c = -4 - p. What are the prime factors of s(c)?
2, 5
Let n be (-1225)/(-10) + 1/2. Suppose -3*i - 33 = -n. What are the prime factors of i?
2, 3, 5
Let g = 78 + -15. List the prime factors of g.
3, 7
Suppose -5 = 2*s - 117. List the prime factors of s.
2, 7
Let x = -7 - -9. Suppose -3*k + 15 = 0, 8 = x*l + 5*k - 57. Let f = -12 + l. What are the prime factors of f?
2
Let p(c) = -c**2 + 3*c + 143. List the prime factors of p(0).
11, 13
Suppose f + 84 = -f. Let c = -25 - f. List the prime factors of c.
17
Suppose 3*h = 5*a + 21, -4*h + 17 = -0*a - 3*a. Suppose r + 0 + h = 0. What are the prime factors of r/5 - 64/(-10)?
2, 3
Let w be (22 - 2) + (-12)/4. Suppose -3*q + 4*q = w. List the prime factors of q.
17
Suppose 12 + 18 = -3*m. What are the prime factors of -1 + -1 - (m - -1)?
7
Let t = -438 - -692. List the prime factors of t.
2, 127
List the prime factors of (-158)/(-14) - 10/35.
11
Suppose 0 = 2*w - 7*w. Let j = 0 + w. Suppose j*c + 2*c = 28. List the prime factors of c.
2, 7
Suppose -4*h = 2*h + 288. Let v be (1 - 1) + (-60)/2. Let o = v - h. What are the prime factors of o?
2, 3
Let q be 4/20 + (-92)/10. Let a = q - -5. Let v = a + 10. What are the prime factors of v?
2, 3
Let v(u) = -u + 4. Suppose 2*a - a = 0. Let w be v(a). Suppose 2*r + 18 = w*t, -2*r + 18 + 0 = 2*t. List the prime factors of t.
2, 3
Let w = 0 + 4. List the prime factors of w.
2
Let l(q) = -q - 1. Let x be l(5). Let b(j) = j**2 + 6*j + 4. Let d be b(x). Suppose -16 - d = -5*z. What are the prime factors of z?
2
Let u = 179 + -145. List the prime factors of u.
2, 17
Suppose 5*y + 0*y = 2*o - 474, 0 = 5*o + 4*y - 1119. What are the prime factors of o?
227
Suppose j = -2*j. Suppose -5*w + a = -j*a - 84, w - 36 = 5*a. What are the prime factors of w?
2
Suppose 5*m = 11 + 19. Let k(j) = -j**2 + 3. Let h be k(0). List the prime factors of 16 + -1 + m/h.
17
Let c be -3 + 5 + (-6)/(-2). Let d be (-2)/(-8) + (-7)/(-4). Suppose -3*h + 21 = -d*t, h + c*t - 12 = 4*t. List the prime factors of h.
3
Let b(s) = 2*s - 4. Let j be b(4). Let o be -2*(-1 - 2/4). Suppose 2*d = j*p + d - 37, 4*p - 31 = o*d. What are the prime factors of p?
2, 5
Let y(b) = 74*b**3 + b**2 - 1. Let m be y(1). Let z = -45 + m. List the prime factors of z.
29
Suppose -8*h - 113 + 1001 = 0. List the prime factors of h.
3, 37
Suppose -g - 3*l = -2, -2 = -2*g + 5*l + 2. Suppose 6*x + g*h - 18 = 3*x, 4*x + 4*h = 28. What are the prime factors of x?
2
Let y = 10 + -9. List the prime factors of (-1)/(1/y) + 15.
2, 7
Let f(l) = -l**3 + l - 5. Let x be f(0). Let j(r) = r**3 + 4*r**2 - 6*r + 1. What are the prime factors of j(x)?
2, 3
Let t be ((-2)/(-1))/((-6)/(-3)). Let y = 7 + t. Suppose -g = s - y - 4, 4*s - 48 = -2*g. List the prime factors of s.
2, 3
Suppose -3*v + 177 = 5*g + v, 0 = 3*g + 4*v - 111. Let m be 3 - 4*4/16. Suppose 9 = -m*a + g. List the prime factors of a.
2, 3
Suppose 5*t - 9*t + 256 = 0. What are the prime factors of t?
2
What are the prime factors of (-4)/5 - (-264)/55?
2
Let o(q) = -5*q**2 + 1. Let f(s) = 26*s**2 - 6. Let i(l) = -2*f(l) - 11*o(l). Let k be i(-3). Suppose 0 = 2*j + 2*j - k. What are the prime factors of j?
7
Let l(g) = 2 + 3*g - 2 - 4 - 2*g. Let u be l(4). Suppose u = -5*d - 6 + 46. List the prime factors of d.
2
Let k(h) = -h**3 + 8*h**2 - 3*h + 1. List the prime factors of k(6).
5, 11
Let l(w) = -w**2 + 17*w + 11. Let u(k) = k**3 - 3*k**2. Let y be u(4). List the prime factors of l(y).
3
Suppose 314 = 14*k - 190. What are the prime factors of k?
2, 3
Let b(l) = -l**2 - 6*l + 16. Let r be b(-8). Suppose -2*f - 12 = -2*n, r = -3*n + 2*f - f + 24. What are the prime factors of n?
3
Let k = 0 + 3. Suppose 0 = -k*i - i + 40. List the prime factors of i.
2, 5
Let m = -19 + 68. Let c = m + -10. What are the prime factors of c?
3, 13
Let z = 14 + -9. List the prime factors of z.
5
Suppose -18 + 3 = -3*f. Let l be (f/(-2))/1*-2. Suppose 0 = -l*m + c + 14, 0 = m - 3*c - c - 18. What are the prime factors of m?
2
Let b(d) = d**3 + 5*d**2 - 5*d. Let g be b(-5). Let m be g - 1/1*-2. Suppose 0 = 2*i + i - m. List the prime factors of i.
3
Let v be -11*(1 - 0)/1. Let i = v + 24. List the prime factors of i.
13
Let s be ((-2)/4)/(1/(-8)). Let v = 6 - 4. Let z = s - v. List the prime factors of z.
2
Suppose 2*p = -4, 0*l + 382 = 5*l + 4*p. What are the prime factors of l?
2, 3, 13
List the prime factors of (-72)/(-60)*130/4.
3, 13
Let h = -2 + 3. What are the prime factors of (-124)/(-12) - h/3?
2, 5
List the prime factors of 76/(-6)*(-27)/6.
3, 19
Let k be (-41)/(-5) + (-1)/5. Let m = k + -2. What are the prime factors of m?
2, 3
List the prime factors of 153 - (-2 - 1)/(-3).
2, 19
Suppose -2*h = -2*n - 14, 0 = -2*h - 0*h - n - 1. Suppose 2*y = y + h. List the prime factors of (-106)/(-10) + y/5.
11
Let y(m) = m - 1 + 43*m**2 - 2*m - 34*m**2. Let v = -2 - -1. What are the prime factors of y(v)?
3
Let c(m) = m**2 - 7*m - 6. Let i be c(10). Let f = i + -17. What are the prime factors of f?
7
Let y = 13 - -60. What are the prime factors of y?
73
Suppose -13 = -2*y - z, -3*z = 3*y - z - 21. Suppose y = -5*c + 125. List the prime factors of c.
2, 3
Let y(r) be the second derivative of -r**5/20 - r**4/3 - r**3/6 - 2*r**2 - 2*r. Let h be y(-4). Suppose -8 = -h*m - m. What are the prime factors of m?
2
Let p(z) = z - 2. Let i be p(4). What are the prime factors of (-8)/i*(-10)/4?
2, 5
Suppose 7*i - 4*i + 34 = 2*m, i = -2. What are the prime factors of m?
2, 7
Suppose 9*p - 4*p = 180. What are the prime factors of p?
2, 3
Let y = 1 + -1. Let u = -3 + y. Let g = u - -11. List the prime factors of g.
2
List the prime factors of ((-1 - 0) + 4 - -229) + 3.
5, 47
Let y(x) = x**3 - 2*x. Let s be y(-2). Let k = s + 6. List the prime factors of k.
2
Let r(z) be the second derivative of 51*z**5/20 + z**4/6 - z**3/3 + z**2/2 - 3*z. What are the prime factors of r(1)?
2, 13
Let i = 676 - 438. Suppose -55 = -g - t, 8*g - 5*t - i = 4*g. Suppose -3*f - 2*f - 4*s + g = 0, 33 = 3*f + 3*s. List the prime factors of f.
13
List the prime factors of -1 - 84/(8/(-2)).
2, 5
Suppose -3 - 1 = -a. Suppose -5 = k, g - 5*g + 37 = -5*k. Suppose f = a*s - 27, g*f + f + 18 = s. List the prime factors of s.
2, 3
Let w(z) = 3*z - 6. Let v be w(5). Suppose -2*c = -j - 46, -v = -c - 3*j + 14. What are the prime factors of c?
23
Suppose f = 2*f - 3. Suppose 5*d = 5*q - 5 - 15, -f*d - 4*q + 16 = 0. Let h = 3 - d. List the prime factors of h.
3
Let g = -5 + 10. Let y = -5 - -8. Let j = g - y. What are the prime factors of j?
2
Let k(i) = i**3 - 9*i**2 - 18*i + 17. List the prime factors of k(11).
61
Let l = -21 - -45. Let x = l - -16. What are the prime factors of x?
2, 5
Let o(a) = -25*a**2 - a. Let p be o(-1). Suppose -4*c - 2 = 5*z - 14, z = -5*c - 6. List the prime factors of (z + -2)/((-3)/p).
2
Suppose 3*a + 5*j = 7, 5*a - a + j = -2. Let m be 0/2*a/2. Suppose m = 3*d - 28 + 7. What are the prime factors of d?
7
Let i(v) = -10*v + 11. Let k be i(8). Let z = -47 - k. Let y = -12 + z. What are the prime factors of y?
2, 5
Let y be (-2)/(-8) - 123/12. Let g(l) = -l**3 - 10*l**2 - l - 2. List the prime factors of g(y).
2
Let a be (-3)/4*1*-4. Let u = a + -3. Let v = 11 + u. List the prime factors of v.
11
Let y be (4/(-8))/(3/12). What are the prime factors of y*(-7)/((-7)/(-2))?
2
Let a(b) = -b**3 + b**2 + b + 1. Let w(z) = z**2 + 3*z - 2. Let c be w(-4). Let g be a(c). Let d = 4 + g. What are the prime factors of d?
3
Suppose 80 = 2*j + 28. What are the prime factors of j?
2, 13
Let x(q) be the second derivative of q**3/6 + q**2 - q. Suppose -2*f = -10 - 0. What are the prime factors of x(f)?
7
Let h(k) = -k**3 + 10*k**2 - 9*k + 2. Let n be h(9). Suppose -2*x - 4*w = -16, 2*w - 4 = n. Suppose -24 = -2*y - x*y. What are the prime factors of y?
2, 3
Suppose -3*h - 17 = -2*z, -1 = -5*z + 2*h + 36. Suppose -s = 3*s - 16. Suppose o = -s + z. What are the prime factors of o?
3
List the prime factors of (9/(-6))/(3/(-22)).
11
Let k be 23 + 0 + (2 - 1). Let c = -41 + 25. Let i = c + k. List the prime factors of i.
2
Let u = 38 - 26. 